{"id":267,"date":"2016-01-13T02:32:15","date_gmt":"2016-01-13T04:32:15","guid":{"rendered":"http:\/\/seminar.com.br\/shop\/"},"modified":"2016-01-25T12:24:19","modified_gmt":"2016-01-25T14:24:19","slug":"shop","status":"publish","type":"page","link":"https:\/\/seminar.com.br\/?page_id=267","title":{"rendered":"Cursos"},"content":{"rendered":"<p>Cursos Internacionais com Certifica\u00e7\u00e3o dupla, v\u00e1lida no\u00a0Brasil e nos Estados Unidos<\/p>\n","protected":false},"excerpt":{"rendered":"<p>Cursos Internacionais com Certifica\u00e7\u00e3o dupla, v\u00e1lida no\u00a0Brasil e nos Estados Unidos<\/p>\n","protected":false},"author":1,"featured_media":600,"parent":0,"menu_order":0,"comment_status":"closed","ping_status":"closed","template":"","meta":{"footnotes":""},"class_list":["post-267","page","type-page","status-publish","has-post-thumbnail","czr-hentry"],"_links":{"self":[{"href":"https:\/\/seminar.com.br\/index.php?rest_route=\/wp\/v2\/pages\/267","targetHints":{"allow":["GET"]}}],"collection":[{"href":"https:\/\/seminar.com.br\/index.php?rest_route=\/wp\/v2\/pages"}],"about":[{"href":"https:\/\/seminar.com.br\/index.php?rest_route=\/wp\/v2\/types\/page"}],"author":[{"embeddable":true,"href":"https:\/\/seminar.com.br\/index.php?rest_route=\/wp\/v2\/users\/1"}],"replies":[{"embeddable":true,"href":"https:\/\/seminar.com.br\/index.php?rest_route=%2Fwp%2Fv2%2Fcomments&post=267"}],"version-history":[{"count":4,"href":"https:\/\/seminar.com.br\/index.php?rest_route=\/wp\/v2\/pages\/267\/revisions"}],"predecessor-version":[{"id":574,"href":"https:\/\/seminar.com.br\/index.php?rest_route=\/wp\/v2\/pages\/267\/revisions\/574"}],"wp:featuredmedia":[{"embeddable":true,"href":"https:\/\/seminar.com.br\/index.php?rest_route=\/wp\/v2\/media\/600"}],"wp:attachment":[{"href":"https:\/\/seminar.com.br\/index.php?rest_route=%2Fwp%2Fv2%2Fmedia&parent=267"}],"curies":[{"name":"wp","href":"https:\/\/api.w.org\/{rel}","templated":true}]}}